3*b**2 + 2*b + 2. Let v be c(k). Suppose -h + 4*w + 52 = 0, 4*h - 4*w - v = -h. What is the units digit of h?
4
Let w(c) = -11*c + 9 - 28 + 8*c. Suppose 5*b + 16 = -64. What is the units digit of w(b)?
9
Let j(q) = 2*q**3 + 13*q**2 - 9*q - 10. Let z be j(-7). What is the units digit of (2*1)/(1*z/124)?
2
What is the hundreds digit of 1/(-2) + (-13771)/(-94)?
1
Let f(m) = -m**3 - 10*m**2 + 11*m + 4. Let v be f(-11). Suppose -v*o + 161 = -39. What is the units digit of o?
0
What is the units digit of ((-404)/(-20))/(5 + (-96)/20)?
1
Suppose -6*b + 25 = -b, 5*i - 110 = -4*b. Suppose i = m - y, -y - 58 = -3*m + y. Suppose 3*t - 5*t = -m. What is the units digit of t?
1
Let w = -291 + 347. What is the units digit of w?
6
Let v be 6/(-1) + -2 - 2. Let w be (-1 - v)*8/(-6). Let d = 20 + w. What is the units digit of d?
8
Suppose 0*m + 693 = 3*m. What is the hundreds digit of m?
2
Let l(p) = 1415*p - 21. What is the thousands digit of l(1)?
1
Suppose 0 = 10*d + 492 - 9722. Suppose 3*o = -o - j + d, -o + 4*j = -235. What is the units digit of o?
1
Suppose -h = 5*k - 26, 5*h + 0*h - 4 = -4*k. Let b(l) = 7*l + 14. What is the units digit of b(k)?
6
Let r(u) = 19*u - 6. Let z(w) = 19*w - 6. Let x(v) = -3*r(v) + 4*z(v). Let k be 6*2/(-8)*-2. What is the tens digit of x(k)?
5
Suppose -5*j - 2*n + 3520 = 0, 3*j - 41*n - 2112 = -40*n. What is the hundreds digit of j?
7
Let d = 95 + 45. What is the hundreds digit of d?
1
Let x = -46 + 48. Suppose 3*k - 60 = -3*m + 366, x*k + 5*m = 284. What is the units digit of k?
2
Suppose -3*w + 6*w = -84. Let h = w - -18. What is the units digit of ((-78)/15)/(2/h)?
6
Suppose 5*g = 3*g - 3*r - 188, -3*g - 2*r = 292. What is the tens digit of 1*(3 - g - -4)?
0
Suppose 66*c - 53041 = 35*c. What is the hundreds digit of c?
7
Suppose 6*f + 2512 = 10*f. What is the hundreds digit of f?
6
Suppose 3*t - 7*t + 5*m + 509 = 0, 0 = -3*t - 5*m + 338. Suppose -760 + 164 = -5*l + y, 2*y = l - t. What is the hundreds digit of l?
1
Let v = 22 + -17. Suppose v*q = -2*t - 6, 2*q + 5*t + 6 = 3*t. Suppose q = -4*x + 5*x - m - 27, -3*m + 111 = 3*x. What is the units digit of x?
2
Let o(w) = 5*w**2 + w + 1. Let k(h) = -h**3 - 15*h + 7*h - 7*h**2 - 4 + 0 + 7*h. Let y be k(-7). What is the tens digit of o(y)?
4
Suppose -3*z = -x + 694, 8*z + 699 = x + 6*z. What is the tens digit of x?
0
Suppose 16 + 28 = -2*b. Let j = 97 + b. What is the units digit of j?
5
Suppose -2*d = -7*d + 5. What is the hundreds digit of (2 + (-844)/(-4))*d?
2
What is the units digit of (14/(-3) + 5)/((-3)/(-8289))?
1
Let c(y) = y**2 + 2*y + 36. Let n be c(0). What is the tens digit of 9/n + (-693)/(-12)?
5
Let z be 22/14 + 9/21. Suppose z*n = 6*n + 16. What is the tens digit of (-1)/(-4) - 131/n?
3
Suppose -3*d = -8*d + 25. Let u = d - 17. What is the units digit of (24/(-16))/(1/u)?
8
Suppose -3*n + 9 = 3*j, 2*j - 2*n + 2 = -12. Let q(t) = 2*t**2 - 2. Let s(d) = 2*d**2 + d - 2. Let l(m) = 6*q(m) - 5*s(m). What is the tens digit of l(j)?
1
Suppose -4*u + k + 1550 + 1883 = 0, -5*k + 15 = 0. What is the hundreds digit of u?
8
What is the tens digit of 11*61 + 0/(-5) + -2?
6
Suppose 12759 = 5*s - 4*d, -48*d - 12757 = -5*s - 46*d. What is the thousands digit of s?
2
Let y(j) = j**2 - 19*j - 17. Let t be y(20). Suppose q - 4*f - 67 = 0, 3*q - 50 = t*f + 169. What is the units digit of q?
5
Suppose y - 14 - 9 = 0. What is the tens digit of y?
2
Suppose -2*b + 10 = -22. Suppose 6 - b = 5*z. Let s(c) = -2*c**3 + c**2 + c + 1. What is the tens digit of s(z)?
1
Suppose -2*n = 3*z + 39, n + 5*z = -2*n - 57. Let m = -23 - n. What is the units digit of m?
1
Let k be 1/3*(-36 + -3). Let g be 2/k + (-2)/(-13). Suppose -21*r + 26*r - 10 = g. What is the units digit of r?
2
Suppose 5*k - 1022 = -4*d - 0*d, 5*k = 3*d - 784. What is the tens digit of d?
5
Let b(a) = a**3 - 8*a**2 - 5*a + 3. Let w be (-8)/6*15/(-4). Suppose w*o = 4*m - 0*m - 21, -3*m = 5*o - 42. What is the units digit of b(m)?
9
Let m(i) = -i**3 + 6*i**2 - 9*i + 24. What is the tens digit of m(4)?
2
Let i(y) = -y**3 - 7*y**2 + 34*y - 51. What is the hundreds digit of i(-15)?
2
Suppose -2*l - 6 = -3*j, -3*j = -2*l - 5*j + 14. What is the tens digit of (l - 1004/12)*-3?
4
Let u be 33/6 - (-4)/(-8). Suppose -2*g + 0 - 8 = m, 3*m + u*g = -23. What is the tens digit of (-2 - 9/m)*-66?
3
Let v be (-24)/(-2 + 45/24). Suppose -p = 3*p - v. What is the units digit of p?
8
Let w be (-1)/(20/(-145)) - 2/8. Suppose 0*c = 3*c - 9. Suppose -w = -c*a + g + 62, 0 = -g - 3. What is the tens digit of a?
2
Let g = 80 - 76. Suppose -8*i - g*r + 784 = -4*i, -5*r = -5. What is the units digit of i?
5
Suppose -4*o - 24 = 3*v, -3*v - 10 = 3*o + 17. Let z be 2/(v/(-327))*2. Suppose z = 5*r - 4*x, 2 = 5*x + 7. What is the units digit of r?
1
Suppose -k - 6 = 2*k. What is the units digit of (-120)/(-9) + k/(-3)?
4
Let z be 158/(-3) - 18/54. Let q = z - -154. What is the hundreds digit of q?
1
Let z = 33 + -18. Let m be (1/1)/((-5)/z). Let r(x) = -x**3 + x**2 + 2*x. What is the units digit of r(m)?
0
Suppose -3*m = -2*m - 5. Let z = -2 + m. Suppose -5*p + y = -66, z*p = -2*p - 4*y + 86. What is the units digit of p?
4
Let b(x) = 23*x**3 + x. Let y be b(2). Suppose 0 = -3*d - 5*u + y, 2*d - 2*u = -u + 137. What is the units digit of d?
7
Let i be (12/10)/(9/30). What is the tens digit of (4 - 0 - i) + 86?
8
Suppose 67*t - 79*t = -33696. What is the hundreds digit of t?
8
Suppose p = -2*z + 231, z + 4*p - 354 = -2*z. Suppose -4*h + z = -270. What is the units digit of h?
6
Let v be 1/(-2)*(-4)/2. What is the units digit of 2/(-2)*(v + -8)?
7
Let b be ((-4)/6)/(26/195). Let g be 12/60 + (-24)/b. Suppose 2*w - g*w - c + 24 = 0, 31 = 4*w + c. What is the units digit of w?
7
Let l(j) = 6*j**3 + 10*j**2 + 6*j - 6. What is the hundreds digit of l(4)?
5
Let c = 768 + -1252. Let h = 683 + c. What is the hundreds digit of h?
1
Suppose -2*p + 457 = -3*s, 9*p - s = 5*p + 889. What is the units digit of p?
1
What is the tens digit of (-661 + -9)*(11/(-2) + 3)?
7
Suppose 2*n + d = 45, n - d + 24 = 2*n. What is the units digit of (-6)/n - (-8585)/35?
5
Let l be ((-234)/15)/((-4)/10). Let j be 8/(-52) - 150/l. Let c = 19 + j. What is the units digit of c?
5
Let y = 33 - 30. Let l(w) = 13*w - 16*w**2 + 6*w**2 - 2 + 9*w**2 + y. What is the tens digit of l(6)?
4
Suppose 3*y + 3*k = 42, -2*k = -5*y + 2*k + 34. Suppose 0 = -y*l + 4*l + 1608. What is the units digit of l?
8
Suppose -x + 13 = 10. Let h be x + (-5 - -4)*-2. Suppose -b - 17 = -2*w - 46, 3*b - 131 = -h*w. What is the tens digit of b?
3
What is the units digit of (1 - -5) + 619 + -5?
0
Let r = 78 + -75. What is the hundreds digit of (7 - r)*(-3 - -2) - -211?
2
Suppose 863 + 1007 = 11*y. What is the hundreds digit of y?
1
Let b = -60 - -764. What is the tens digit of b?
0
Let r = -133 + 150. Let j(g) = 2*g**2 - 33*g + 2. What is the tens digit of j(r)?
1
What is the tens digit of 20/(-24) + (-28763)/(-42)?
8
Suppose -8*h + 12 = -2*h. Suppose 0*w + 5 = g + w, h*g + 4*w - 10 = 0. What is the units digit of 18/g*15/6?
9
Let u = 270 + -13. What is the tens digit of u?
5
Let t(b) = 14*b**2 - 1. Let s be t(1). Let j = -10 + s. Suppose -3*o = -3, -3*k + 41 = -j*o - 1. What is the units digit of k?
5
Let g(p) = 6*p**2 + 20*p - 39. What is the hundreds digit of g(11)?
9
Suppose -3*f = -2*f + 2*g - 438, -5*f - 3*g + 2162 = 0. What is the hundreds digit of f?
4
Let t = 3031 - -445. What is the thousands digit of t?
3
Suppose 0 = 14*i - 9 + 23. What is the units digit of 41*(1 + -3 - 2)*i?
4
Let u(h) = 2*h**2 - 12*h - 21. Let r(c) = -8*c**2 + 48*c + 85. Let j(v) = 2*r(v) + 9*u(v). What is the tens digit of j(10)?
6
Let s(j) = 182*j + 33. What is the units digit of s(1)?
5
Suppose 0 = -t - 2*q - 2*q + 18, 48 = 5*t - q. Suppose -13*y = -t*y - 12. What is the units digit of y?
4
Suppose 0 = -5*t + 4*h - 7, t + 5*h - 6 = 10. What is the units digit of t?
1
Suppose 4*o - 5*s - 8311 = 0, o - 5*s - 2800 = -726. What is the units digit of o?
9
Let g = 895 + 1160. What is the units digit of g?
5
Suppose -3*i = 5*h - 653 + 86, 3*h = 4*i + 346. Suppose -5*q - 4*m = -37 - 156, 3*q - h = -3*m. What is the units digit of q?
1
Let w be (-4)/(-14) - 1116/84. Let r = 13 - w. Let q = 52 - r. What is the tens digit of q?
2
Suppose -2*p = 